5*g = -5 - 15. Let o be 2/8 + (-219)/g. Calculate the highest common factor of o and b.
11
Let t be -2 + (-19 - 1)/(-2). Let i = 12 - t. Suppose i*n - 31 = 9. What is the highest common divisor of n and 50?
10
Let m be (-44)/(-6) - (-20)/(-15). Suppose -d - b - 4*b + 73 = 0, -2*b = -4*d + 182. Calculate the greatest common divisor of m and d.
6
Let r be (-2 - 10/(-2)) + 9. Calculate the highest common factor of 18 and r.
6
Let k(q) = 8*q - 3. Let r be k(2). What is the highest common factor of 91 and r?
13
Let o(a) = 161*a**2 + 4*a. Let g be o(1). Calculate the greatest common factor of g and 15.
15
Suppose i + 4 = 3*i. Let g be -3*(-1 + 0/4). Calculate the highest common divisor of i and g.
1
Let v be 2/(0 + -2) - 5. Let o(i) = -i**2 - 6*i + 2. Let b be o(v). Suppose x = 2 + 2. Calculate the highest common divisor of b and x.
2
Let v be (-12)/(-4) + 116 + 1. Suppose 16 = 4*x - 2*x. Let h = 7 + x. What is the greatest common factor of v and h?
15
Suppose 0 = 5*m - 2*m - 18. What is the highest common divisor of 24 and m?
6
Let h(j) = -j - 8. Let o be h(-12). Suppose 2*x = 3*x. Let f = x - -8. What is the highest common factor of o and f?
4
Suppose -5*b - 5*s - 13 = -3*s, s = 4*b. Let t be 6*(b/(-3) + 0). Suppose -8 = -w + 3*p, w + 3*p + 4 = -0*w. Calculate the greatest common divisor of w and t.
2
Let k = -6 + 20. Calculate the highest common factor of 2 and k.
2
Suppose 3*l - 26 = g, l + g - 9 = 1. What is the greatest common factor of l and 144?
9
Let z(g) = -40*g. Let q be z(-2). Suppose 0*l = 4*l - q. Suppose 0 = s - 0*s - 2*k - 10, 4*k = -12. Calculate the greatest common divisor of s and l.
4
Suppose -h - 4 = -4*c + 4, -5*c = -20. Calculate the greatest common factor of h and 88.
8
Let k = 9 + -2. Let c be ((-12)/18)/((-2)/6). Suppose -2*l - c*l = -224. Calculate the highest common divisor of l and k.
7
Let q be -2*((-66)/4)/3. Let z(w) = -2*w - 4*w - 4*w + 0*w + 7. Let k be z(-7). What is the greatest common factor of q and k?
11
Let z = 2 + 12. Suppose -2*s = -y + 6 + 20, 0 = -4*y - 5*s + 117. Let x be y/(-8)*(-45 - -1). What is the greatest common divisor of z and x?
14
Let t = -1 + 5. Let c be 675/20 + 1/t. Calculate the highest common factor of 17 and c.
17
Let f = 45 + -25. Calculate the greatest common divisor of 30 and f.
10
Suppose 5*x = x. Suppose x*d = -4*d + 16. Suppose o - d*o = -165. Calculate the greatest common divisor of o and 11.
11
Let j = 53 - 38. Suppose -229 = -3*s + i, -2*i = -4*s - 6*i + 284. Calculate the highest common factor of s and j.
15
Let s(i) = -i**3 + 2*i**2 + 4*i + 3. Let v be s(4). Let t = -10 - v. What is the highest common divisor of t and 12?
3
Let s be (-15)/(12/4) - -131. What is the highest common factor of s and 18?
18
Let a(o) = 48*o**3 + o - 1. Let m be a(1). Calculate the greatest common factor of m and 16.
16
Let y(f) = -5*f. Let n be (-1)/3 - (-2)/(-3). Let x be y(n). Calculate the highest common divisor of x and 5.
5
Suppose -b + 165 = -66. What is the greatest common factor of 21 and b?
21
Let m(h) = -1 + 1 + h + 11 + 0*h. Let z be m(0). Let t = 64 + z. What is the greatest common divisor of t and 30?
15
Let d(g) be the first derivative of -2*g**2 + 2*g - 1. Let q be d(-3). What is the greatest common divisor of 35 and q?
7
Suppose 0 = -4*n + 3*n + 16. Suppose -4*y + z - 3*z = -4, -n = -4*y - 5*z. Let o be y + 15 + -1 + -1. Calculate the greatest common divisor of 36 and o.
12
Suppose 8*y = 5*y + 4*u + 14, 2*y + u = 13. Let n = -7 + 7. Suppose -2*c - c + y = n. What is the greatest common divisor of 18 and c?
2
Let p = 5 - 4. Let i be (15 - p)*(-1)/(-1). Calculate the greatest common factor of i and 70.
14
Suppose -256 - 74 = -11*n. What is the greatest common factor of n and 80?
10
Suppose 2*h + 16 = 2*w - 0*h, 4*w = 2*h + 42. What is the highest common divisor of 117 and w?
13
Suppose 0 = 3*j - 15 - 0. Suppose 2*i = -j*b + b + 100, 0 = -3*i - 4*b + 160. Let f be 3 + 10 + 2 + 0. Calculate the greatest common divisor of i and f.
15
Suppose -37 = -3*k + 4*y + 4, 13 = -k - 4*y. What is the highest common factor of k and 14?
7
Suppose -w = -5*w + 60. Let d = 4 - -101. What is the highest common divisor of w and d?
15
Let y be 2/(-6)*(3 - -30). Let m = 16 + y. Suppose -77 = -m*s + h, 3*s + h - 6*h = 33. Calculate the highest common divisor of s and 80.
16
Let j(v) = v**2 + 8*v - 5. Let f be j(-8). Let i = f - -8. Calculate the highest common divisor of 15 and i.
3
Let k be (-2 - 1)*368/(-12). What is the greatest common factor of k and 23?
23
Suppose 2*p + 12 = 5*p. Let d(t) = -t**2 + 3*t + 3. Let j be d(3). Let q = 5 - j. Calculate the highest common divisor of q and p.
2
Let z(b) = b + 19. Let k be z(-13). Calculate the greatest common factor of 48 and k.
6
Let g be (-4)/22 + (-106)/22. Let j = -8 - g. Let s be (j/2)/((-18)/48). Calculate the highest common divisor of 4 and s.
4
Let d = 35 + -11. What is the greatest common divisor of d and 6?
6
Suppose -2*u + 2 = 2*w, -4*w - 12 = -2*u - w. Let k be ((-3)/(-2))/u*14. Let o = 68 - 12. Calculate the greatest common divisor of o and k.
7
Let r(d) = 61*d - 5. Let n be r(1). Suppose w - 4*w = 3*t + 12, -t = 3*w + 14. Let i be (-11 - t)/((-6)/4). Calculate the highest common divisor of i and n.
8
Let p = -3 + 28. Let s be (1800/(-4))/2*(0 + -1). What is the highest common divisor of p and s?
25
Let q be 10*((-21)/(-6))/7. Calculate the highest common factor of q and 50.
5
Let j = 6 + -1. Suppose -j = -v + 27. What is the highest common factor of 32 and v?
32
Let w(m) = 131*m**3 + m**2 + m - 1. Let q be w(1). Calculate the highest common factor of q and 12.
12
Let u be (1 - -3) + (-3 - -2). Let d be (-12)/u*3/2. Let c be 3/(d/(-28)) + -2. What is the highest common factor of c and 36?
12
Let i = 202 + -109. Calculate the highest common factor of i and 31.
31
Let a(u) = u**2 + 5*u - 10. Let q be a(-7). Suppose 0 = -5*j + q + 1. What is the greatest common divisor of 9 and j?
1
Suppose -q - 20 = -6*q. Let i = -93 - -13. Let a be i*1*4/(-10). Calculate the highest common factor of a and q.
4
Let n = -7 + 12. Let f = n + -1. Calculate the greatest common divisor of f and 6.
2
Let f(r) = -r + 3. Let t be f(-6). Calculate the highest common divisor of 6 and t.
3
Let r(m) = -9*m**2. Let f be r(1). Let k(j) = -j**3 - 6*j**2 + 9*j + 3. Let t be k(f). Calculate the greatest common divisor of 15 and t.
15
Let u(o) = -263 - o - 245 - 59. Let r be u(0). Let s be r/(-18) - (-6)/(-4). Calculate the highest common divisor of 10 and s.
10
Suppose -10*f + 540 = -6*f. Calculate the highest common divisor of 15 and f.
15
Let u(y) = -y - 7. Let q be u(-10). Suppose 252 = -s + q*s. What is the greatest common factor of 18 and s?
18
Suppose -2*k - 2*k = -12. Suppose 5*u = 0, k*i = 2*u + 877 - 67. What is the highest common divisor of i and 27?
27
Let c = 19 + -9. Suppose -3*l = 2*l - 50. What is the highest common divisor of c and l?
10
Let t(d) = -d**3 + 6*d**2. Let m be t(6). Suppose c + 2*c - 396 = m. What is the greatest common factor of 12 and c?
12
Let b = -14 - -21. Suppose -6*d - 5*v = -d + 10, 4*d = -3*v - 6. Let s = d + 35. What is the greatest common factor of s and b?
7
Let w(y) = y**3 + 3*y**2 - 6*y + 2. Let q be w(4). Calculate the greatest common factor of 36 and q.
18
Let c be 1 + 0/(0 - 2). Suppose 0*b + b + 5*o = -8, -4*b - 8 = -4*o. Let i be (-8)/(-2) + c + b. Calculate the highest common factor of i and 2.
2
Let p = 59 - 39. Suppose -2 = -x, q + 0*x = -2*x + p. Let k(m) = -2*m - 8. Let h be k(-6). Calculate the greatest common factor of h and q.
4
Let n = -25 + 55. Calculate the greatest common factor of 10 and n.
10
Let m(l) = 2*l**3 - 13*l**2 - l - 6. Let f be m(7). Calculate the highest common factor of 54 and f.
18
Let v be 5214/21 + 4/(-14). What is the greatest common factor of 31 and v?
31
Let d = -6 + 6. Let f = 73 - 46. Suppose d = -r - f + 137. What is the highest common factor of 10 and r?
10
Suppose 0 = 5*i - 6*i + 22. Calculate the greatest common factor of i and 22.
22
Let u be (-3)/(-6)*2/(-1 - -2). What is the highest common divisor of 3 and u?
1
Let l be 864/15 - 3/(-30)*-6. What is the greatest common divisor of 19 and l?
19
Let o(p) = p - 3. Let j be o(3). Let w(u) = -u**2 + u + 5. Let m be w(j). Suppose -2*r - m = -3*r. What 